{"id":47,"date":"2019-12-26T17:23:30","date_gmt":"2019-12-26T17:23:30","guid":{"rendered":"http:\/\/santarufina.gob.ec\/?page_id=47"},"modified":"2019-12-27T18:51:07","modified_gmt":"2019-12-27T18:51:07","slug":"fiestas-parroquiales-y-patronales","status":"publish","type":"page","link":"https:\/\/santarufina.gob.ec\/?page_id=47","title":{"rendered":"Fiestas Parroquiales y Patronales"},"content":{"rendered":"\n<p>El 11 de diciembre de 1948, el gobierno del Sr. Galo Plaza Lasso la cre\u00f3 como parroquia del cant\u00f3n Paltas (Catacocha), y perteneci\u00f3 a dicha jurisdicci\u00f3n hasta el 27 de diciembre de 1985, en que por decreto expedido por el Plenario de las Comisiones Legislativas Permanentes, durante el gobierno del Ing. Le\u00f3n Febres-Cordero, pas\u00f3 a integrar el nuevo cant\u00f3n Chaguarpamba.<\/p>\n\n\n\n<div class=\"wp-block-image\"><figure class=\"aligncenter size-large is-resized\"><img fetchpriority=\"high\" decoding=\"async\" src=\"http:\/\/santarufina.gob.ec\/wp-content\/uploads\/2019\/12\/santarufin-64-1.png\" alt=\"\" class=\"wp-image-335\" width=\"768\" height=\"256\" srcset=\"https:\/\/santarufina.gob.ec\/wp-content\/uploads\/2019\/12\/santarufin-64-1.png 578w, https:\/\/santarufina.gob.ec\/wp-content\/uploads\/2019\/12\/santarufin-64-1-300x100.png 300w, https:\/\/santarufina.gob.ec\/wp-content\/uploads\/2019\/12\/santarufin-64-1-230x77.png 230w, https:\/\/santarufina.gob.ec\/wp-content\/uploads\/2019\/12\/santarufin-64-1-350x117.png 350w, https:\/\/santarufina.gob.ec\/wp-content\/uploads\/2019\/12\/santarufin-64-1-480x160.png 480w\" sizes=\"(max-width: 768px) 100vw, 768px\" \/><\/figure><\/div>\n\n\n\n<div class=\"wp-block-image\"><figure class=\"aligncenter size-large is-resized\"><img decoding=\"async\" src=\"http:\/\/santarufina.gob.ec\/wp-content\/uploads\/2019\/12\/santarufin-65.png\" alt=\"\" class=\"wp-image-336\" width=\"771\" height=\"277\" srcset=\"https:\/\/santarufina.gob.ec\/wp-content\/uploads\/2019\/12\/santarufin-65.png 582w, https:\/\/santarufina.gob.ec\/wp-content\/uploads\/2019\/12\/santarufin-65-300x108.png 300w, https:\/\/santarufina.gob.ec\/wp-content\/uploads\/2019\/12\/santarufin-65-230x83.png 230w, https:\/\/santarufina.gob.ec\/wp-content\/uploads\/2019\/12\/santarufin-65-350x126.png 350w, https:\/\/santarufina.gob.ec\/wp-content\/uploads\/2019\/12\/santarufin-65-480x172.png 480w\" sizes=\"(max-width: 771px) 100vw, 771px\" \/><\/figure><\/div>\n\n\n\n<p>La Parroquializaci\u00f3n de Santa Rufina: 25 octubre. d\u00eda en el cual se celebra el desfile parroquial y cierra las festividades con la sesi\u00f3n solemne.<\/p>\n\n\n\n<div class=\"wp-block-image\"><figure class=\"aligncenter size-large is-resized\"><img decoding=\"async\" src=\"http:\/\/santarufina.gob.ec\/wp-content\/uploads\/2019\/12\/santarufin-66.png\" alt=\"\" class=\"wp-image-337\" width=\"771\" height=\"293\" srcset=\"https:\/\/santarufina.gob.ec\/wp-content\/uploads\/2019\/12\/santarufin-66.png 581w, https:\/\/santarufina.gob.ec\/wp-content\/uploads\/2019\/12\/santarufin-66-300x114.png 300w, https:\/\/santarufina.gob.ec\/wp-content\/uploads\/2019\/12\/santarufin-66-230x87.png 230w, https:\/\/santarufina.gob.ec\/wp-content\/uploads\/2019\/12\/santarufin-66-350x133.png 350w, https:\/\/santarufina.gob.ec\/wp-content\/uploads\/2019\/12\/santarufin-66-480x183.png 480w\" sizes=\"(max-width: 771px) 100vw, 771px\" \/><\/figure><\/div>\n\n\n\n<div class=\"wp-block-image\"><figure class=\"aligncenter size-large is-resized\"><img loading=\"lazy\" decoding=\"async\" src=\"http:\/\/santarufina.gob.ec\/wp-content\/uploads\/2019\/12\/santarufin-67.png\" alt=\"\" class=\"wp-image-339\" width=\"768\" height=\"273\" srcset=\"https:\/\/santarufina.gob.ec\/wp-content\/uploads\/2019\/12\/santarufin-67.png 582w, https:\/\/santarufina.gob.ec\/wp-content\/uploads\/2019\/12\/santarufin-67-300x107.png 300w, https:\/\/santarufina.gob.ec\/wp-content\/uploads\/2019\/12\/santarufin-67-230x82.png 230w, https:\/\/santarufina.gob.ec\/wp-content\/uploads\/2019\/12\/santarufin-67-350x124.png 350w, https:\/\/santarufina.gob.ec\/wp-content\/uploads\/2019\/12\/santarufin-67-480x171.png 480w\" sizes=\"(max-width: 768px) 100vw, 768px\" \/><\/figure><\/div>\n\n\n\n<p>Fiestas religiosas y comerciales en honor a la Virgen del Carmen y a la Patrona Santa Rufina: Del 18 al 20 de julio (Santa Rufina). <\/p>\n\n\n\n<div class=\"wp-block-image\"><figure class=\"aligncenter size-large is-resized\"><img loading=\"lazy\" decoding=\"async\" src=\"http:\/\/santarufina.gob.ec\/wp-content\/uploads\/2019\/12\/santarufin-68.png\" alt=\"\" class=\"wp-image-340\" width=\"779\" height=\"288\" srcset=\"https:\/\/santarufina.gob.ec\/wp-content\/uploads\/2019\/12\/santarufin-68.png 581w, https:\/\/santarufina.gob.ec\/wp-content\/uploads\/2019\/12\/santarufin-68-300x111.png 300w, https:\/\/santarufina.gob.ec\/wp-content\/uploads\/2019\/12\/santarufin-68-230x85.png 230w, https:\/\/santarufina.gob.ec\/wp-content\/uploads\/2019\/12\/santarufin-68-350x130.png 350w, https:\/\/santarufina.gob.ec\/wp-content\/uploads\/2019\/12\/santarufin-68-480x178.png 480w\" sizes=\"(max-width: 779px) 100vw, 779px\" \/><\/figure><\/div>\n","protected":false},"excerpt":{"rendered":"<p>El 11 de diciembre de 1948, el gobierno del Sr. Galo Plaza Lasso la cre\u00f3 como parroquia del cant\u00f3n Paltas (Catacocha), y perteneci\u00f3 a dicha jurisdicci\u00f3n hasta el 27 de diciembre de 1985, en que por decreto expedido por el Plenario de las Comisiones Legislativas Permanentes, durante el gobierno del Ing. Le\u00f3n Febres-Cordero, pas\u00f3 a [&hellip;]<\/p>\n","protected":false},"author":1,"featured_media":0,"parent":0,"menu_order":0,"comment_status":"closed","ping_status":"closed","template":"","meta":{"footnotes":""},"_links":{"self":[{"href":"https:\/\/santarufina.gob.ec\/index.php?rest_route=\/wp\/v2\/pages\/47"}],"collection":[{"href":"https:\/\/santarufina.gob.ec\/index.php?rest_route=\/wp\/v2\/pages"}],"about":[{"href":"https:\/\/santarufina.gob.ec\/index.php?rest_route=\/wp\/v2\/types\/page"}],"author":[{"embeddable":true,"href":"https:\/\/santarufina.gob.ec\/index.php?rest_route=\/wp\/v2\/users\/1"}],"replies":[{"embeddable":true,"href":"https:\/\/santarufina.gob.ec\/index.php?rest_route=%2Fwp%2Fv2%2Fcomments&post=47"}],"version-history":[{"count":3,"href":"https:\/\/santarufina.gob.ec\/index.php?rest_route=\/wp\/v2\/pages\/47\/revisions"}],"predecessor-version":[{"id":341,"href":"https:\/\/santarufina.gob.ec\/index.php?rest_route=\/wp\/v2\/pages\/47\/revisions\/341"}],"wp:attachment":[{"href":"https:\/\/santarufina.gob.ec\/index.php?rest_route=%2Fwp%2Fv2%2Fmedia&parent=47"}],"curies":[{"name":"wp","href":"https:\/\/api.w.org\/{rel}","templated":true}]}}

<p>El 11 de diciembre de 1948, el gobierno del Sr. Galo Plaza Lasso la creó como parroquia del cantón Paltas (Catacocha), y perteneció a dicha jurisdicción hasta el 27 de diciembre de 1985, en que por decreto expedido por el Plenario de las Comisiones Legislativas Permanentes, durante el gobierno del Ing. León Febres-Cordero, pasó a integrar el nuevo cantón Chaguarpamba.</p>



<div class="wp-block-image"><figure class="aligncenter size-large is-resized"><img fetchpriority="high" decoding="async" src="http://santarufina.gob.ec/wp-content/uploads/2019/12/santarufin-64-1.png" alt="" class="wp-image-335" width="768" height="256" srcset="https://santarufina.gob.ec/wp-content/uploads/2019/12/santarufin-64-1.png 578w, https://santarufina.gob.ec/wp-content/uploads/2019/12/santarufin-64-1-300x100.png 300w, https://santarufina.gob.ec/wp-content/uploads/2019/12/santarufin-64-1-230x77.png 230w, https://santarufina.gob.ec/wp-content/uploads/2019/12/santarufin-64-1-350x117.png 350w, https://santarufina.gob.ec/wp-content/uploads/2019/12/santarufin-64-1-480x160.png 480w" sizes="(max-width: 768px) 100vw, 768px" /></figure></div>



<div class="wp-block-image"><figure class="aligncenter size-large is-resized"><img decoding="async" src="http://santarufina.gob.ec/wp-content/uploads/2019/12/santarufin-65.png" alt="" class="wp-image-336" width="771" height="277" srcset="https://santarufina.gob.ec/wp-content/uploads/2019/12/santarufin-65.png 582w, https://santarufina.gob.ec/wp-content/uploads/2019/12/santarufin-65-300x108.png 300w, https://santarufina.gob.ec/wp-content/uploads/2019/12/santarufin-65-230x83.png 230w, https://santarufina.gob.ec/wp-content/uploads/2019/12/santarufin-65-350x126.png 350w, https://santarufina.gob.ec/wp-content/uploads/2019/12/santarufin-65-480x172.png 480w" sizes="(max-width: 771px) 100vw, 771px" /></figure></div>



<p>La Parroquialización de Santa Rufina: 25 octubre. día en el cual se celebra el desfile parroquial y cierra las festividades con la sesión solemne.</p>



<div class="wp-block-image"><figure class="aligncenter size-large is-resized"><img decoding="async" src="http://santarufina.gob.ec/wp-content/uploads/2019/12/santarufin-66.png" alt="" class="wp-image-337" width="771" height="293" srcset="https://santarufina.gob.ec/wp-content/uploads/2019/12/santarufin-66.png 581w, https://santarufina.gob.ec/wp-content/uploads/2019/12/santarufin-66-300x114.png 300w, https://santarufina.gob.ec/wp-content/uploads/2019/12/santarufin-66-230x87.png 230w, https://santarufina.gob.ec/wp-content/uploads/2019/12/santarufin-66-350x133.png 350w, https://santarufina.gob.ec/wp-content/uploads/2019/12/santarufin-66-480x183.png 480w" sizes="(max-width: 771px) 100vw, 771px" /></figure></div>



<div class="wp-block-image"><figure class="aligncenter size-large is-resized"><img loading="lazy" decoding="async" src="http://santarufina.gob.ec/wp-content/uploads/2019/12/santarufin-67.png" alt="" class="wp-image-339" width="768" height="273" srcset="https://santarufina.gob.ec/wp-content/uploads/2019/12/santarufin-67.png 582w, https://santarufina.gob.ec/wp-content/uploads/2019/12/santarufin-67-300x107.png 300w, https://santarufina.gob.ec/wp-content/uploads/2019/12/santarufin-67-230x82.png 230w, https://santarufina.gob.ec/wp-content/uploads/2019/12/santarufin-67-350x124.png 350w, https://santarufina.gob.ec/wp-content/uploads/2019/12/santarufin-67-480x171.png 480w" sizes="(max-width: 768px) 100vw, 768px" /></figure></div>



<p>Fiestas religiosas y comerciales en honor a la Virgen del Carmen y a la Patrona Santa Rufina: Del 18 al 20 de julio (Santa Rufina). </p>



<div class="wp-block-image"><figure class="aligncenter size-large is-resized"><img loading="lazy" decoding="async" src="http://santarufina.gob.ec/wp-content/uploads/2019/12/santarufin-68.png" alt="" class="wp-image-340" width="779" height="288" srcset="https://santarufina.gob.ec/wp-content/uploads/2019/12/santarufin-68.png 581w, https://santarufina.gob.ec/wp-content/uploads/2019/12/santarufin-68-300x111.png 300w, https://santarufina.gob.ec/wp-content/uploads/2019/12/santarufin-68-230x85.png 230w, https://santarufina.gob.ec/wp-content/uploads/2019/12/santarufin-68-350x130.png 350w, https://santarufina.gob.ec/wp-content/uploads/2019/12/santarufin-68-480x178.png 480w" sizes="(max-width: 779px) 100vw, 779px" /></figure></div>

<p>El 11 de diciembre de 1948, el gobierno del Sr. Galo Plaza Lasso la creó como parroquia del cantón Paltas (Catacocha), y perteneció a dicha jurisdicción hasta el 27 de diciembre de 1985, en que por decreto expedido por el Plenario de las Comisiones Legislativas Permanentes, durante el gobierno del Ing. León Febres-Cordero, pasó a [&hellip;]</p>
