{"id":39,"date":"2019-12-26T17:23:30","date_gmt":"2019-12-26T17:23:30","guid":{"rendered":"http:\/\/santarufina.gob.ec\/?page_id=39"},"modified":"2019-12-27T17:54:06","modified_gmt":"2019-12-27T17:54:06","slug":"historia","status":"publish","type":"page","link":"https:\/\/santarufina.gob.ec\/?page_id=39","title":{"rendered":"Historia"},"content":{"rendered":"\n<p>CHAGUARPAMBA. Tierra de tradiciones y de historia que guarda celosamente, as\u00ed es Santa Rufina parroquia de Chaguarpamba. Esta jurisdicci\u00f3n cumpli\u00f3 ayer su aniversario 71. Cabe destacar que su nombre es en honor a una imagen de la santa que era venerada en el sector.<\/p>\n\n\n\n<div class=\"wp-block-image\"><figure class=\"aligncenter size-large is-resized\"><img fetchpriority=\"high\" decoding=\"async\" src=\"http:\/\/santarufina.gob.ec\/wp-content\/uploads\/2019\/12\/santarufin-18.png\" alt=\"\" class=\"wp-image-271\" width=\"759\" height=\"290\" srcset=\"https:\/\/santarufina.gob.ec\/wp-content\/uploads\/2019\/12\/santarufin-18.png 581w, https:\/\/santarufina.gob.ec\/wp-content\/uploads\/2019\/12\/santarufin-18-300x115.png 300w, https:\/\/santarufina.gob.ec\/wp-content\/uploads\/2019\/12\/santarufin-18-230x88.png 230w, https:\/\/santarufina.gob.ec\/wp-content\/uploads\/2019\/12\/santarufin-18-350x134.png 350w, https:\/\/santarufina.gob.ec\/wp-content\/uploads\/2019\/12\/santarufin-18-480x183.png 480w\" sizes=\"(max-width: 759px) 100vw, 759px\" \/><\/figure><\/div>\n\n\n\n<p>Seg\u00fan los\nmoradores la historia nace en 1913 cuando lleg\u00f3 el primer sacerdote a celebrar\nuna misa y es ah\u00ed en donde dispone la veneraci\u00f3n de dicha imagen. Fue elevada a\nla categor\u00eda de parroquia un 25 de octubre de 1948.<\/p>\n\n\n\n<p>Luego de\npertenecer 37 a\u00f1os al cant\u00f3n Paltas y en vista de no tener el apoyo por parte\nde las autoridades cantonales y por estar distante al mismo, se resuelve, en\nasamblea general del pueblo, pertenecer al nuevo cant\u00f3n Chaguarpamba por la\nfacilidad de comunicaci\u00f3n y por haber el ofrecimiento de apoyar al desarrollo\nde la comunidad. Ahora lleva 25 a\u00f1os de pertenecer a dicho cant\u00f3n.<\/p>\n\n\n\n<p>Actualmente tiene 1.210 habitantes. Est\u00e1 conformada por diez barrios. Su clima es c\u00e1lido-h\u00famedo lo que favorece a la agricultura.<\/p>\n\n\n\n<div class=\"wp-block-image\"><figure class=\"aligncenter size-large is-resized\"><img decoding=\"async\" src=\"http:\/\/santarufina.gob.ec\/wp-content\/uploads\/2019\/12\/santarufin-19.png\" alt=\"\" class=\"wp-image-272\" width=\"770\" height=\"311\" srcset=\"https:\/\/santarufina.gob.ec\/wp-content\/uploads\/2019\/12\/santarufin-19.png 581w, https:\/\/santarufina.gob.ec\/wp-content\/uploads\/2019\/12\/santarufin-19-300x121.png 300w, https:\/\/santarufina.gob.ec\/wp-content\/uploads\/2019\/12\/santarufin-19-230x93.png 230w, https:\/\/santarufina.gob.ec\/wp-content\/uploads\/2019\/12\/santarufin-19-350x142.png 350w, https:\/\/santarufina.gob.ec\/wp-content\/uploads\/2019\/12\/santarufin-19-480x194.png 480w\" sizes=\"(max-width: 770px) 100vw, 770px\" \/><\/figure><\/div>\n","protected":false},"excerpt":{"rendered":"<p>CHAGUARPAMBA. Tierra de tradiciones y de historia que guarda celosamente, as\u00ed es Santa Rufina parroquia de Chaguarpamba. Esta jurisdicci\u00f3n cumpli\u00f3 ayer su aniversario 71. Cabe destacar que su nombre es en honor a una imagen de la santa que era venerada en el sector. Seg\u00fan los moradores la historia nace en 1913 cuando lleg\u00f3 el [&hellip;]<\/p>\n","protected":false},"author":1,"featured_media":0,"parent":0,"menu_order":0,"comment_status":"closed","ping_status":"closed","template":"","meta":{"footnotes":""},"_links":{"self":[{"href":"https:\/\/santarufina.gob.ec\/index.php?rest_route=\/wp\/v2\/pages\/39"}],"collection":[{"href":"https:\/\/santarufina.gob.ec\/index.php?rest_route=\/wp\/v2\/pages"}],"about":[{"href":"https:\/\/santarufina.gob.ec\/index.php?rest_route=\/wp\/v2\/types\/page"}],"author":[{"embeddable":true,"href":"https:\/\/santarufina.gob.ec\/index.php?rest_route=\/wp\/v2\/users\/1"}],"replies":[{"embeddable":true,"href":"https:\/\/santarufina.gob.ec\/index.php?rest_route=%2Fwp%2Fv2%2Fcomments&post=39"}],"version-history":[{"count":2,"href":"https:\/\/santarufina.gob.ec\/index.php?rest_route=\/wp\/v2\/pages\/39\/revisions"}],"predecessor-version":[{"id":273,"href":"https:\/\/santarufina.gob.ec\/index.php?rest_route=\/wp\/v2\/pages\/39\/revisions\/273"}],"wp:attachment":[{"href":"https:\/\/santarufina.gob.ec\/index.php?rest_route=%2Fwp%2Fv2%2Fmedia&parent=39"}],"curies":[{"name":"wp","href":"https:\/\/api.w.org\/{rel}","templated":true}]}}