{"id":35,"date":"2019-12-26T17:23:30","date_gmt":"2019-12-26T17:23:30","guid":{"rendered":"http:\/\/santarufina.gob.ec\/?page_id=35"},"modified":"2019-12-27T17:39:29","modified_gmt":"2019-12-27T17:39:29","slug":"servicios-en-la-parroquia","status":"publish","type":"page","link":"https:\/\/santarufina.gob.ec\/?page_id=35","title":{"rendered":"Servicios en la Parroquia."},"content":{"rendered":"\n<p><strong>Salud.<\/strong><\/p>\n\n\n\n<p>Existe un puesto\nde salud ubicado en el centro parroquial para la atenci\u00f3n m\u00e9dica ambulatoria de\nsus barrios rurales; y urbano. Las enfermedades m\u00e1s frecuentes son: gripe estacional,\ndiabetes, colesterol alto, presi\u00f3n alta entre otras enfermedades no\nespecificadas.<\/p>\n\n\n\n<p>Para Santa Rufina existen 4 profesionales para atenci\u00f3n m\u00e9dica, enfermero, auxiliar de enfermer\u00eda, odont\u00f3logo y un m\u00e9dico cirujano. Las muertes m\u00e1s comunes en el Cant\u00f3n Chaguarpamba y sus parroquias rurales son por paro cardio-respiratorio.<\/p>\n\n\n\n<div class=\"wp-block-image\"><figure class=\"aligncenter size-large is-resized\"><img fetchpriority=\"high\" decoding=\"async\" src=\"http:\/\/santarufina.gob.ec\/wp-content\/uploads\/2019\/12\/santarufin-4.png\" alt=\"\" class=\"wp-image-245\" width=\"756\" height=\"338\" srcset=\"https:\/\/santarufina.gob.ec\/wp-content\/uploads\/2019\/12\/santarufin-4.png 582w, https:\/\/santarufina.gob.ec\/wp-content\/uploads\/2019\/12\/santarufin-4-300x134.png 300w, https:\/\/santarufina.gob.ec\/wp-content\/uploads\/2019\/12\/santarufin-4-230x103.png 230w, https:\/\/santarufina.gob.ec\/wp-content\/uploads\/2019\/12\/santarufin-4-350x156.png 350w, https:\/\/santarufina.gob.ec\/wp-content\/uploads\/2019\/12\/santarufin-4-480x214.png 480w\" sizes=\"(max-width: 756px) 100vw, 756px\" \/><\/figure><\/div>\n\n\n\n<div class=\"wp-block-image\"><figure class=\"aligncenter size-large is-resized\"><img decoding=\"async\" src=\"http:\/\/santarufina.gob.ec\/wp-content\/uploads\/2019\/12\/santarufin-5.png\" alt=\"\" class=\"wp-image-246\" width=\"758\" height=\"366\" srcset=\"https:\/\/santarufina.gob.ec\/wp-content\/uploads\/2019\/12\/santarufin-5.png 578w, https:\/\/santarufina.gob.ec\/wp-content\/uploads\/2019\/12\/santarufin-5-300x145.png 300w, https:\/\/santarufina.gob.ec\/wp-content\/uploads\/2019\/12\/santarufin-5-230x111.png 230w, https:\/\/santarufina.gob.ec\/wp-content\/uploads\/2019\/12\/santarufin-5-350x169.png 350w, https:\/\/santarufina.gob.ec\/wp-content\/uploads\/2019\/12\/santarufin-5-480x232.png 480w\" sizes=\"(max-width: 758px) 100vw, 758px\" \/><\/figure><\/div>\n\n\n\n<div class=\"wp-block-image\"><figure class=\"aligncenter size-large is-resized\"><img decoding=\"async\" src=\"http:\/\/santarufina.gob.ec\/wp-content\/uploads\/2019\/12\/santarufin-6.png\" alt=\"\" class=\"wp-image-248\" width=\"747\" height=\"292\" srcset=\"https:\/\/santarufina.gob.ec\/wp-content\/uploads\/2019\/12\/santarufin-6.png 581w, https:\/\/santarufina.gob.ec\/wp-content\/uploads\/2019\/12\/santarufin-6-300x117.png 300w, https:\/\/santarufina.gob.ec\/wp-content\/uploads\/2019\/12\/santarufin-6-230x90.png 230w, https:\/\/santarufina.gob.ec\/wp-content\/uploads\/2019\/12\/santarufin-6-350x137.png 350w, https:\/\/santarufina.gob.ec\/wp-content\/uploads\/2019\/12\/santarufin-6-480x188.png 480w\" sizes=\"(max-width: 747px) 100vw, 747px\" \/><\/figure><\/div>\n\n\n\n<p><strong>Educaci\u00f3n.<\/strong><\/p>\n\n\n\n<p>Santa Rufina posee la Escuela de Educaci\u00f3n B\u00e1sica Unidocente \u00abLa Condorazo\u00bb, funciona tambi\u00e9n en esta misma cabecera parroquial el Colegio de Bachillerato \u201cDra. Matilde Hidalgo de Procel\u201d que acoge a todos los alumnos de los barrios rurales de la parroquia.<\/p>\n\n\n\n<div class=\"wp-block-image\"><figure class=\"aligncenter size-large is-resized\"><img loading=\"lazy\" decoding=\"async\" src=\"http:\/\/santarufina.gob.ec\/wp-content\/uploads\/2019\/12\/santarufin-7.png\" alt=\"\" class=\"wp-image-250\" width=\"765\" height=\"238\" srcset=\"https:\/\/santarufina.gob.ec\/wp-content\/uploads\/2019\/12\/santarufin-7.png 579w, https:\/\/santarufina.gob.ec\/wp-content\/uploads\/2019\/12\/santarufin-7-300x93.png 300w, https:\/\/santarufina.gob.ec\/wp-content\/uploads\/2019\/12\/santarufin-7-230x72.png 230w, https:\/\/santarufina.gob.ec\/wp-content\/uploads\/2019\/12\/santarufin-7-350x109.png 350w, https:\/\/santarufina.gob.ec\/wp-content\/uploads\/2019\/12\/santarufin-7-480x149.png 480w\" sizes=\"(max-width: 765px) 100vw, 765px\" \/><\/figure><\/div>\n\n\n\n<div class=\"wp-block-image\"><figure class=\"aligncenter size-large is-resized\"><img loading=\"lazy\" decoding=\"async\" src=\"http:\/\/santarufina.gob.ec\/wp-content\/uploads\/2019\/12\/santarufin-8.png\" alt=\"\" class=\"wp-image-251\" width=\"766\" height=\"299\" srcset=\"https:\/\/santarufina.gob.ec\/wp-content\/uploads\/2019\/12\/santarufin-8.png 582w, https:\/\/santarufina.gob.ec\/wp-content\/uploads\/2019\/12\/santarufin-8-300x117.png 300w, https:\/\/santarufina.gob.ec\/wp-content\/uploads\/2019\/12\/santarufin-8-230x90.png 230w, https:\/\/santarufina.gob.ec\/wp-content\/uploads\/2019\/12\/santarufin-8-350x137.png 350w, https:\/\/santarufina.gob.ec\/wp-content\/uploads\/2019\/12\/santarufin-8-480x187.png 480w\" sizes=\"(max-width: 766px) 100vw, 766px\" \/><\/figure><\/div>\n\n\n\n<p>En Cucumate la Escuela de Educaci\u00f3n B\u00e1sica \u201cMiguel Antonio Cano Madrid\u201d ha sido cerrada por intereses ajenos a la comunidad, su infraestructura se encuentra en perfectas condiciones, al momento existe una poblaci\u00f3n escolar es de aproximadamente 15 ni\u00f1os, los ni\u00f1os se trasladan a la escuela de Lozumbe (14) y a Santa Rufina (1). <\/p>\n\n\n\n<div class=\"wp-block-image\"><figure class=\"aligncenter size-large is-resized\"><img loading=\"lazy\" decoding=\"async\" src=\"http:\/\/santarufina.gob.ec\/wp-content\/uploads\/2019\/12\/santarufin-9.png\" alt=\"\" class=\"wp-image-252\" width=\"772\" height=\"261\" srcset=\"https:\/\/santarufina.gob.ec\/wp-content\/uploads\/2019\/12\/santarufin-9.png 579w, https:\/\/santarufina.gob.ec\/wp-content\/uploads\/2019\/12\/santarufin-9-300x102.png 300w, https:\/\/santarufina.gob.ec\/wp-content\/uploads\/2019\/12\/santarufin-9-230x78.png 230w, https:\/\/santarufina.gob.ec\/wp-content\/uploads\/2019\/12\/santarufin-9-350x118.png 350w, https:\/\/santarufina.gob.ec\/wp-content\/uploads\/2019\/12\/santarufin-9-480x162.png 480w\" sizes=\"(max-width: 772px) 100vw, 772px\" \/><\/figure><\/div>\n\n\n\n<div class=\"wp-block-image\"><figure class=\"aligncenter size-large is-resized\"><img loading=\"lazy\" decoding=\"async\" src=\"http:\/\/santarufina.gob.ec\/wp-content\/uploads\/2019\/12\/santarufin-10.png\" alt=\"\" class=\"wp-image-253\" width=\"779\" height=\"294\" srcset=\"https:\/\/santarufina.gob.ec\/wp-content\/uploads\/2019\/12\/santarufin-10.png 582w, https:\/\/santarufina.gob.ec\/wp-content\/uploads\/2019\/12\/santarufin-10-300x113.png 300w, https:\/\/santarufina.gob.ec\/wp-content\/uploads\/2019\/12\/santarufin-10-230x87.png 230w, https:\/\/santarufina.gob.ec\/wp-content\/uploads\/2019\/12\/santarufin-10-350x132.png 350w, https:\/\/santarufina.gob.ec\/wp-content\/uploads\/2019\/12\/santarufin-10-480x181.png 480w\" sizes=\"(max-width: 779px) 100vw, 779px\" \/><\/figure><\/div>\n\n\n\n<p><strong>A continuaci\u00f3n los principales Centros Educativos de Santa Rufina:<\/strong><\/p>\n\n\n\n<div class=\"wp-block-image\"><figure class=\"aligncenter size-large is-resized\"><img loading=\"lazy\" decoding=\"async\" src=\"http:\/\/santarufina.gob.ec\/wp-content\/uploads\/2019\/12\/santarufin-11.png\" alt=\"\" class=\"wp-image-254\" width=\"769\" height=\"474\" srcset=\"https:\/\/santarufina.gob.ec\/wp-content\/uploads\/2019\/12\/santarufin-11.png 577w, https:\/\/santarufina.gob.ec\/wp-content\/uploads\/2019\/12\/santarufin-11-300x185.png 300w, https:\/\/santarufina.gob.ec\/wp-content\/uploads\/2019\/12\/santarufin-11-230x142.png 230w, https:\/\/santarufina.gob.ec\/wp-content\/uploads\/2019\/12\/santarufin-11-350x216.png 350w, https:\/\/santarufina.gob.ec\/wp-content\/uploads\/2019\/12\/santarufin-11-480x296.png 480w\" sizes=\"(max-width: 769px) 100vw, 769px\" \/><\/figure><\/div>\n\n\n\n<div class=\"wp-block-image\"><figure class=\"aligncenter size-large is-resized\"><img loading=\"lazy\" decoding=\"async\" src=\"http:\/\/santarufina.gob.ec\/wp-content\/uploads\/2019\/12\/santarufin-12.png\" alt=\"\" class=\"wp-image-256\" width=\"764\" height=\"272\" srcset=\"https:\/\/santarufina.gob.ec\/wp-content\/uploads\/2019\/12\/santarufin-12.png 576w, https:\/\/santarufina.gob.ec\/wp-content\/uploads\/2019\/12\/santarufin-12-300x107.png 300w, https:\/\/santarufina.gob.ec\/wp-content\/uploads\/2019\/12\/santarufin-12-230x82.png 230w, https:\/\/santarufina.gob.ec\/wp-content\/uploads\/2019\/12\/santarufin-12-350x125.png 350w, https:\/\/santarufina.gob.ec\/wp-content\/uploads\/2019\/12\/santarufin-12-480x171.png 480w\" sizes=\"(max-width: 764px) 100vw, 764px\" \/><\/figure><\/div>\n\n\n\n<div class=\"wp-block-image\"><figure class=\"aligncenter size-large is-resized\"><img loading=\"lazy\" decoding=\"async\" src=\"http:\/\/santarufina.gob.ec\/wp-content\/uploads\/2019\/12\/santarufin-13.png\" alt=\"\" class=\"wp-image-258\" width=\"767\" height=\"295\" srcset=\"https:\/\/santarufina.gob.ec\/wp-content\/uploads\/2019\/12\/santarufin-13.png 582w, https:\/\/santarufina.gob.ec\/wp-content\/uploads\/2019\/12\/santarufin-13-300x115.png 300w, https:\/\/santarufina.gob.ec\/wp-content\/uploads\/2019\/12\/santarufin-13-230x89.png 230w, https:\/\/santarufina.gob.ec\/wp-content\/uploads\/2019\/12\/santarufin-13-350x135.png 350w, https:\/\/santarufina.gob.ec\/wp-content\/uploads\/2019\/12\/santarufin-13-480x185.png 480w\" sizes=\"(max-width: 767px) 100vw, 767px\" \/><\/figure><\/div>\n\n\n\n<p><strong>Agua<\/strong><\/p>\n\n\n\n<p>El servicio de\nAgua potable posee Santa Rufina, La Cucula, Lozumbe, Moshqueros, Amancay y la\nYe de Guineo, los dem\u00e1s sectores poseen agua entubada o tratada, la energ\u00eda el\u00e9ctrica\nest\u00e1 en todos los barrios, la se\u00f1al de telefon\u00eda es baja, el barrio\nincomunicado telefon\u00eda celular es Pueblo Nuevo y el sitio el Pindo; en santa\nRufina se dispone de alcantarillado sanitario y recolecci\u00f3n de basura.<\/p>\n\n\n\n<p><strong>Acceso de la poblaci\u00f3n a vivienda y catastro predial.<\/strong><\/p>\n\n\n\n<p>Las viviendas que\nhan sido financiadas a trav\u00e9s del bono de Vivienda otorgado por el MIDUVI,\nsiendo al Barrio Amancay que consolida un proceso de gesti\u00f3n con la primera ciudadela\nde 17 casas, as\u00ed algunos moradores han obtenido viviendas rurales dispersas.<\/p>\n\n\n\n<p><strong>Acceso a servicios de telecomunicaciones.<\/strong><\/p>\n\n\n\n<p>En la Parroquia los servicios tele comunicacionales son limitados de acuerdo a los sectores (por distancia y ubicaci\u00f3n geogr\u00e1fica entre elevaciones) es as\u00ed que el servicio de internet s\u00f3lo est\u00e1 disponible para la cabecera Parroquial. Los servicios principales son: radio, televisi\u00f3n propagada (DirectTV y CNT), telefon\u00eda celular (Movistar y Claro), cobertura restringida en algunos barrios.<\/p>\n","protected":false},"excerpt":{"rendered":"<p>Salud. Existe un puesto de salud ubicado en el centro parroquial para la atenci\u00f3n m\u00e9dica ambulatoria de sus barrios rurales; y urbano. Las enfermedades m\u00e1s frecuentes son: gripe estacional, diabetes, colesterol alto, presi\u00f3n alta entre otras enfermedades no especificadas. Para Santa Rufina existen 4 profesionales para atenci\u00f3n m\u00e9dica, enfermero, auxiliar de enfermer\u00eda, odont\u00f3logo y un [&hellip;]<\/p>\n","protected":false},"author":1,"featured_media":0,"parent":0,"menu_order":0,"comment_status":"closed","ping_status":"closed","template":"","meta":{"footnotes":""},"_links":{"self":[{"href":"https:\/\/santarufina.gob.ec\/index.php?rest_route=\/wp\/v2\/pages\/35"}],"collection":[{"href":"https:\/\/santarufina.gob.ec\/index.php?rest_route=\/wp\/v2\/pages"}],"about":[{"href":"https:\/\/santarufina.gob.ec\/index.php?rest_route=\/wp\/v2\/types\/page"}],"author":[{"embeddable":true,"href":"https:\/\/santarufina.gob.ec\/index.php?rest_route=\/wp\/v2\/users\/1"}],"replies":[{"embeddable":true,"href":"https:\/\/santarufina.gob.ec\/index.php?rest_route=%2Fwp%2Fv2%2Fcomments&post=35"}],"version-history":[{"count":6,"href":"https:\/\/santarufina.gob.ec\/index.php?rest_route=\/wp\/v2\/pages\/35\/revisions"}],"predecessor-version":[{"id":261,"href":"https:\/\/santarufina.gob.ec\/index.php?rest_route=\/wp\/v2\/pages\/35\/revisions\/261"}],"wp:attachment":[{"href":"https:\/\/santarufina.gob.ec\/index.php?rest_route=%2Fwp%2Fv2%2Fmedia&parent=35"}],"curies":[{"name":"wp","href":"https:\/\/api.w.org\/{rel}","templated":true}]}}