{"id":3294,"date":"2024-04-02T20:32:12","date_gmt":"2024-04-02T20:32:12","guid":{"rendered":"http:\/\/santarufina.gob.ec\/?page_id=3294"},"modified":"2025-07-22T20:12:31","modified_gmt":"2025-07-22T20:12:31","slug":"resoluciones","status":"publish","type":"page","link":"https:\/\/santarufina.gob.ec\/?page_id=3294","title":{"rendered":"Resoluciones"},"content":{"rendered":"\t\t<div data-elementor-type=\"wp-page\" data-elementor-id=\"3294\" class=\"elementor elementor-3294\">\n\t\t\t\t\t\t<section class=\"elementor-section elementor-top-section elementor-element elementor-element-8db0f26 elementor-section-boxed elementor-section-height-default elementor-section-height-default\" data-id=\"8db0f26\" data-element_type=\"section\">\n\t\t\t\t\t\t<div class=\"elementor-container elementor-column-gap-default\">\n\t\t\t\t\t<div class=\"elementor-column elementor-col-100 elementor-top-column elementor-element elementor-element-bd5cbde\" data-id=\"bd5cbde\" data-element_type=\"column\">\n\t\t\t<div class=\"elementor-widget-wrap elementor-element-populated\">\n\t\t\t\t\t\t<div class=\"elementor-element elementor-element-638ceca elementor-widget__width-initial elementor-widget elementor-widget-text-editor\" data-id=\"638ceca\" data-element_type=\"widget\" data-widget_type=\"text-editor.default\">\n\t\t\t\t<div class=\"elementor-widget-container\">\n\t\t\t\t\t\t\t<ul><li><span style=\"color: #0000ff;\"><strong><a style=\"color: #0000ff;\" href=\"http:\/\/santarufina.gob.ec\/wp-content\/uploads\/2024\/03\/Resolucion-y-proyecto-presupuestario-2024.pdf\">Resoluci\u00f3n y proyecto presupuestario 2024<\/a><\/strong><\/span><\/li><li><strong><span style=\"color: #0000ff;\"><a style=\"color: #0000ff;\" href=\"http:\/\/santarufina.gob.ec\/wp-content\/uploads\/2024\/05\/Resoluci\u00f3n-de-comisiones.pdf\">Resoluci\u00f3n de comisiones.<\/a><\/span><\/strong><\/li><li><strong><span style=\"color: #0000ff;\"><a style=\"color: #0000ff;\" href=\"http:\/\/santarufina.gob.ec\/wp-content\/uploads\/2024\/05\/Resoluci\u00f3n-de-vacaciones.pdf\">Resoluci\u00f3n de vacaciones.<\/a><\/span><\/strong><\/li><li><strong><span style=\"color: #0000ff;\"><a style=\"color: #0000ff;\" href=\"http:\/\/santarufina.gob.ec\/wp-content\/uploads\/2024\/05\/Resoluci\u00f3n-del-comit\u00e9-de-transparencia.pdf\">Resoluci\u00f3n del comit\u00e9 de transparencia.<\/a><\/span><\/strong><\/li><li><span style=\"color: #0000ff;\"><strong><a style=\"color: #0000ff;\" href=\"http:\/\/santarufina.gob.ec\/wp-content\/uploads\/2024\/05\/PLAN-ANUAL-DE-CONTRATACI\u00d3N-2024.pdf\">PLAN ANUAL DE CONTRATACI\u00d3N 2024.<\/a><\/strong><\/span><\/li><li><span style=\"color: #0000ff;\"><strong><a style=\"color: #0000ff;\" href=\"http:\/\/santarufina.gob.ec\/wp-content\/uploads\/2024\/05\/RESOLUCI\u00d3N-REMUNERACIONES.pdf\">RESOLUCI\u00d3N REMUNERACIONES.<\/a><\/strong><\/span><\/li><li><span style=\"color: #0000ff;\"><strong><a style=\"color: #0000ff;\" href=\"http:\/\/santarufina.gob.ec\/wp-content\/uploads\/2024\/05\/Resoluci\u00f3n-y-proyecto-presupuestario-2024.pdf\">Resoluci\u00f3n y proyecto presupuestario 2024.<\/a><\/strong><\/span><\/li><li><a href=\"http:\/\/santarufina.gob.ec\/wp-content\/uploads\/2025\/07\/RESOLUCION-No.-.011-REGLAMENTO-DE-CONFORMACION-DEL-SISTEMA-DE-PARTICIPACION-CIUDADANA.pdf\"><span style=\"color: #0000ff;\"><strong>RESOLUCION No. 011<\/strong><\/span><\/a><\/li><li><a href=\"http:\/\/santarufina.gob.ec\/wp-content\/uploads\/2025\/07\/RESOLUCION-No.-012-DEL-REGLAMENTO-QUE-REGULA-EL-FUNCIONAMIENTO-DEL-CONSEJO-DE-PARTICIPACION-CIUDADANA.pdf\"><span style=\"color: #0000ff;\"><strong>RESOLUCION No. 012<\/strong><\/span><\/a><\/li><li><a href=\"http:\/\/santarufina.gob.ec\/wp-content\/uploads\/2025\/07\/RESOLUCION-No.-013-DE-REGLAMENTO-DE-CONFORMACION-CONSEJO-DE-PLANIFICACION.pdf\"><span style=\"color: #0000ff;\"><strong>RESOLUCION No. 013<\/strong><\/span><\/a><\/li><\/ul><p>\u00a0<\/p><p>\u00a0<\/p><p>\u00a0<\/p>\t\t\t\t\t\t<\/div>\n\t\t\t\t<\/div>\n\t\t\t\t\t<\/div>\n\t\t<\/div>\n\t\t\t\t\t<\/div>\n\t\t<\/section>\n\t\t\t\t<\/div>\n\t\t","protected":false},"excerpt":{"rendered":"<p>Resoluci\u00f3n y proyecto presupuestario 2024 Resoluci\u00f3n de comisiones. Resoluci\u00f3n de vacaciones. Resoluci\u00f3n del comit\u00e9 de transparencia. PLAN ANUAL DE CONTRATACI\u00d3N 2024. RESOLUCI\u00d3N REMUNERACIONES. Resoluci\u00f3n y proyecto presupuestario 2024. RESOLUCION No. 011 RESOLUCION No. 012 RESOLUCION No. 013 \u00a0 \u00a0 \u00a0<\/p>\n","protected":false},"author":1,"featured_media":0,"parent":0,"menu_order":0,"comment_status":"closed","ping_status":"closed","template":"","meta":{"footnotes":""},"_links":{"self":[{"href":"https:\/\/santarufina.gob.ec\/index.php?rest_route=\/wp\/v2\/pages\/3294"}],"collection":[{"href":"https:\/\/santarufina.gob.ec\/index.php?rest_route=\/wp\/v2\/pages"}],"about":[{"href":"https:\/\/santarufina.gob.ec\/index.php?rest_route=\/wp\/v2\/types\/page"}],"author":[{"embeddable":true,"href":"https:\/\/santarufina.gob.ec\/index.php?rest_route=\/wp\/v2\/users\/1"}],"replies":[{"embeddable":true,"href":"https:\/\/santarufina.gob.ec\/index.php?rest_route=%2Fwp%2Fv2%2Fcomments&post=3294"}],"version-history":[{"count":9,"href":"https:\/\/santarufina.gob.ec\/index.php?rest_route=\/wp\/v2\/pages\/3294\/revisions"}],"predecessor-version":[{"id":4306,"href":"https:\/\/santarufina.gob.ec\/index.php?rest_route=\/wp\/v2\/pages\/3294\/revisions\/4306"}],"wp:attachment":[{"href":"https:\/\/santarufina.gob.ec\/index.php?rest_route=%2Fwp%2Fv2%2Fmedia&parent=3294"}],"curies":[{"name":"wp","href":"https:\/\/api.w.org\/{rel}","templated":true}]}}