{"id":3216,"date":"2024-03-06T15:33:35","date_gmt":"2024-03-06T15:33:35","guid":{"rendered":"http:\/\/santarufina.gob.ec\/?page_id=3216"},"modified":"2024-03-06T15:38:38","modified_gmt":"2024-03-06T15:38:38","slug":"mayo-5","status":"publish","type":"page","link":"https:\/\/santarufina.gob.ec\/?page_id=3216","title":{"rendered":"MAYO"},"content":{"rendered":"\n<p><strong>Art\u00edculo 19<\/strong><\/p>\n\n\n\n<p><strong>1.1 Estructura org\u00e1nica<\/strong><\/p>\n\n\n\n<p>\u00b7&nbsp;&nbsp;&nbsp;&nbsp;&nbsp;&nbsp;<strong>Conjunto de datos<\/strong><\/p>\n\n\n\n<p>\u00b7&nbsp;&nbsp;&nbsp;&nbsp;&nbsp;&nbsp;<strong>Metadatos<\/strong><\/p>\n\n\n\n<p>\u00b7&nbsp;&nbsp;&nbsp;&nbsp;&nbsp;&nbsp;<strong>Diccionario<\/strong><\/p>\n\n\n\n<p><strong>1.2-1.3 Base Legal Regulaciones Procedimientos Internos<\/strong><\/p>\n\n\n\n<p>\u00b7&nbsp;&nbsp;&nbsp;&nbsp;&nbsp;&nbsp;<strong>Conjunto de datos<\/strong><\/p>\n\n\n\n<p>\u00b7&nbsp;&nbsp;&nbsp;&nbsp;&nbsp;&nbsp;<strong>Metadatos<\/strong><\/p>\n\n\n\n<p>\u00b7&nbsp;&nbsp;&nbsp;&nbsp;&nbsp;&nbsp;<strong>Diccionario<\/strong><\/p>\n\n\n\n<p><strong>1.4 Metas y objetivos unidades<\/strong><\/p>\n\n\n\n<p>\u00b7&nbsp;&nbsp;&nbsp;&nbsp;&nbsp;&nbsp;<strong>Conjunto de datos<\/strong><\/p>\n\n\n\n<p><strong>\u00b7&nbsp;&nbsp;&nbsp;&nbsp;&nbsp; Metadatos<\/strong><\/p>\n\n\n\n<p><strong>\u00b7&nbsp;&nbsp;&nbsp;&nbsp;&nbsp; Diccionario<\/strong><\/p>\n\n\n\n<p><strong>2.1-2.2 Directorio y distributivo personal de la entidad<\/strong><\/p>\n\n\n\n<p>\u00b7&nbsp;&nbsp;&nbsp;&nbsp;&nbsp;&nbsp;<strong>Conjunto de datos<\/strong><\/p>\n\n\n\n<p>\u00b7&nbsp;&nbsp;&nbsp;&nbsp;&nbsp;&nbsp;<strong>Metadatos<\/strong><\/p>\n\n\n\n<p>\u00b7&nbsp;&nbsp;&nbsp;&nbsp;&nbsp;&nbsp;<strong>Diccionario<\/strong><\/p>\n\n\n\n<p><strong>3. Remuneraciones ingresos adicionales<\/strong><\/p>\n\n\n\n<p>\u00b7&nbsp;&nbsp;&nbsp;&nbsp;&nbsp;&nbsp;<strong>Conjunto de datos<\/strong><\/p>\n\n\n\n<p>\u00b7&nbsp;&nbsp;&nbsp;&nbsp;&nbsp;&nbsp;<strong>Metadatos<\/strong><\/p>\n\n\n\n<p>\u00b7&nbsp;&nbsp;&nbsp;&nbsp;&nbsp;&nbsp;<strong>Diccionario<\/strong><\/p>\n\n\n\n<p><strong>4. Detalle licencia comisiones<\/strong><\/p>\n\n\n\n<p>\u00b7&nbsp;&nbsp;&nbsp;&nbsp;&nbsp;&nbsp;<strong>Conjunto de datos<\/strong><\/p>\n\n\n\n<p>\u00b7&nbsp;&nbsp;&nbsp;&nbsp;&nbsp;&nbsp;<strong>Metadatos<\/strong><\/p>\n\n\n\n<p>\u00b7&nbsp;&nbsp;&nbsp;&nbsp;&nbsp;&nbsp;<strong>Diccionario<\/strong><\/p>\n\n\n\n<p><strong>5-22 Servicios -formularios-formatos-tr\u00e1mites<\/strong><\/p>\n\n\n\n<p>\u00b7&nbsp;&nbsp;&nbsp;&nbsp;&nbsp;&nbsp;<strong>Conjunto de datos<\/strong><\/p>\n\n\n\n<p>\u00b7&nbsp;&nbsp;&nbsp;&nbsp;&nbsp;&nbsp;<strong>Metadatos<\/strong><\/p>\n\n\n\n<p>\u00b7&nbsp;&nbsp;&nbsp;&nbsp;&nbsp;&nbsp;<strong>Diccionario<\/strong><\/p>\n\n\n\n<p><strong>6. Presupuesto de la instituci\u00f3n<\/strong><\/p>\n\n\n\n<p>\u00b7&nbsp;&nbsp;&nbsp;&nbsp;&nbsp;&nbsp;<strong>Conjunto de datos<\/strong><\/p>\n\n\n\n<p><strong>\u00b7&nbsp;&nbsp;&nbsp;&nbsp;&nbsp; Metadatos<\/strong><\/p>\n\n\n\n<p><strong>\u00b7&nbsp;&nbsp;&nbsp;&nbsp;&nbsp; Diccionario<\/strong><\/p>\n\n\n\n<p><strong>7. Resultados de las auditor\u00edas internas y gubernamentales<\/strong><\/p>\n\n\n\n<p>\u00b7&nbsp;&nbsp;&nbsp;&nbsp;&nbsp;&nbsp;<strong>Conjunto de datos<\/strong><\/p>\n\n\n\n<p><strong>\u00b7&nbsp;&nbsp;&nbsp;&nbsp;&nbsp; Metadatos<\/strong><\/p>\n\n\n\n<p><strong>\u00b7&nbsp;&nbsp;&nbsp;&nbsp;&nbsp; Diccionario<\/strong><\/p>\n\n\n\n<p><strong>8. Procesos de contrataci\u00f3n publica<\/strong><\/p>\n\n\n\n<p>\u00b7&nbsp;&nbsp;&nbsp;&nbsp;&nbsp;&nbsp;<strong>Conjunto de datos<\/strong><\/p>\n\n\n\n<p>\u00b7&nbsp;&nbsp;&nbsp;&nbsp;&nbsp;&nbsp;<strong>Metadatos<\/strong><\/p>\n\n\n\n<p>\u00b7&nbsp;&nbsp;&nbsp;&nbsp;&nbsp;&nbsp;<strong>Diccionario<\/strong><\/p>\n\n\n\n<p><strong>9. Listado de empresas y personas que han incumplido contratos<\/strong><\/p>\n\n\n\n<p>\u00b7&nbsp;&nbsp;&nbsp;&nbsp;&nbsp;&nbsp;<strong>Conjunto de datos<\/strong><\/p>\n\n\n\n<p>\u00b7&nbsp;&nbsp;&nbsp;&nbsp;&nbsp;&nbsp;<strong>Metadatos<\/strong><\/p>\n\n\n\n<p>\u00b7&nbsp;&nbsp;&nbsp;&nbsp;&nbsp;&nbsp;<strong>Diccionario<\/strong><\/p>\n\n\n\n<p><strong>10. Planes y programas<\/strong><\/p>\n\n\n\n<p>\u00b7&nbsp;&nbsp;&nbsp;&nbsp;&nbsp;&nbsp;<strong>Conjunto de datos<\/strong><\/p>\n\n\n\n<p>\u00b7&nbsp;&nbsp;&nbsp;&nbsp;&nbsp;&nbsp;<strong>Metadatos<\/strong><\/p>\n\n\n\n<p>\u00b7&nbsp;&nbsp;&nbsp;&nbsp;&nbsp;&nbsp;<strong>Diccionario<\/strong><\/p>\n\n\n\n<p><strong>11. Contratos de cr\u00e9dito externos o internos<\/strong><\/p>\n\n\n\n<p>\u00b7&nbsp;&nbsp;&nbsp;&nbsp;&nbsp;&nbsp;<strong>Conjunto de datos<\/strong><\/p>\n\n\n\n<p>\u00b7&nbsp;&nbsp;&nbsp;&nbsp;&nbsp;&nbsp;<strong>Metadatos<\/strong><\/p>\n\n\n\n<p>\u00b7&nbsp;&nbsp;&nbsp;&nbsp;&nbsp;&nbsp;<strong>Diccionario<\/strong><\/p>\n\n\n\n<p><strong>12. Mecanismos rendici\u00f3n cuentas<\/strong><\/p>\n\n\n\n<p>\u00b7&nbsp;&nbsp;&nbsp;&nbsp;&nbsp;&nbsp;<strong>Conjunto de datos<\/strong><\/p>\n\n\n\n<p>\u00b7&nbsp;&nbsp;&nbsp;&nbsp;&nbsp;&nbsp;<strong>Metadatos<\/strong><\/p>\n\n\n\n<p>\u00b7&nbsp;&nbsp;&nbsp;&nbsp;&nbsp;&nbsp;<strong>Diccionario<\/strong><\/p>\n\n\n\n<p><strong>13. Vi\u00e1ticos informes de trabajo y justificativos de movilizaci\u00f3n<\/strong><\/p>\n\n\n\n<p>\u00b7&nbsp;&nbsp;&nbsp;&nbsp;&nbsp;&nbsp;<strong>Conjunto de datos<\/strong><\/p>\n\n\n\n<p>\u00b7&nbsp;&nbsp;&nbsp;&nbsp;&nbsp;&nbsp;<strong>Metadatos<\/strong><\/p>\n\n\n\n<p>\u00b7&nbsp;&nbsp;&nbsp;&nbsp;&nbsp;&nbsp;<strong>Diccionario<\/strong><\/p>\n\n\n\n<p><strong>14. Responsables del acceso de informaci\u00f3n publica<\/strong><\/p>\n\n\n\n<p>\u00b7&nbsp;&nbsp;&nbsp;&nbsp;&nbsp;&nbsp;<strong>Conjunto de datos<\/strong><\/p>\n\n\n\n<p>\u00b7&nbsp;&nbsp;&nbsp;&nbsp;&nbsp;&nbsp;<strong>Metadatos<\/strong><\/p>\n\n\n\n<p>\u00b7&nbsp;&nbsp;&nbsp;&nbsp;&nbsp;&nbsp;<strong>Diccionario<\/strong><\/p>\n\n\n\n<p><strong>15. Texto \u00edntegro de los contratos colectivos vigentes y reformas<\/strong><\/p>\n\n\n\n<p>\u00b7&nbsp;&nbsp;&nbsp;&nbsp;&nbsp;&nbsp;<strong>Conjunto de datos<\/strong><\/p>\n\n\n\n<p><strong>\u00b7&nbsp;&nbsp;&nbsp;&nbsp;&nbsp; Metadatos<\/strong><\/p>\n\n\n\n<p><strong>\u00b7&nbsp;&nbsp;&nbsp;&nbsp;&nbsp; Diccionario<\/strong><\/p>\n\n\n\n<p><strong>16. Listado \u00edndice formaci\u00f3n reservada<\/strong><\/p>\n\n\n\n<p>\u00b7&nbsp;&nbsp;&nbsp;&nbsp;&nbsp;&nbsp;<strong>Conjunto de datos<\/strong><\/p>\n\n\n\n<p><strong>\u00b7&nbsp;&nbsp;&nbsp;&nbsp;&nbsp; Metadatos<\/strong><\/p>\n\n\n\n<p><strong>\u00b7&nbsp;&nbsp;&nbsp;&nbsp;&nbsp; Diccionario<\/strong><\/p>\n\n\n\n<p><strong>17. Detalle de las audiencias y reuniones de autoridades<\/strong><\/p>\n\n\n\n<p>\u00b7&nbsp;&nbsp;&nbsp;&nbsp;&nbsp;&nbsp;<strong>Conjunto de datos<\/strong><\/p>\n\n\n\n<p>\u00b7&nbsp;&nbsp;&nbsp;&nbsp;&nbsp;&nbsp;<strong>Metadatos<\/strong><\/p>\n\n\n\n<p>\u00b7&nbsp;&nbsp;&nbsp;&nbsp;&nbsp;&nbsp;<strong>Diccionario<\/strong><\/p>\n\n\n\n<p><strong>18. Detalle de convenios nacionales e internacionales<\/strong><\/p>\n\n\n\n<p>\u00b7&nbsp;&nbsp;&nbsp;&nbsp;&nbsp;&nbsp;<strong>Conjunto de datos<\/strong><\/p>\n\n\n\n<p>\u00b7&nbsp;&nbsp;&nbsp;&nbsp;&nbsp;&nbsp;<strong>Metadatos<\/strong><\/p>\n\n\n\n<p>\u00b7&nbsp;&nbsp;&nbsp;&nbsp;&nbsp;&nbsp;<strong>Diccionario<\/strong><\/p>\n\n\n\n<p><strong>19. Detalle donativos oficiales y protocolares<\/strong><\/p>\n\n\n\n<p>\u00b7&nbsp;&nbsp;&nbsp;&nbsp;&nbsp;&nbsp;<strong>Conjunto de datos<\/strong><\/p>\n\n\n\n<p><strong>\u00b7&nbsp;&nbsp;&nbsp;&nbsp;&nbsp; Metadatos<\/strong><\/p>\n\n\n\n<p><strong>\u00b7&nbsp;&nbsp;&nbsp;&nbsp;&nbsp; Diccionario<\/strong><\/p>\n\n\n\n<p><strong>20. Registro de activos de informaci\u00f3n frecuente y complementaria<\/strong><\/p>\n\n\n\n<p>\u00b7&nbsp;&nbsp;&nbsp;&nbsp;&nbsp;&nbsp;<strong>Conjunto de datos<\/strong><\/p>\n\n\n\n<p>\u00b7&nbsp;&nbsp;&nbsp;&nbsp;&nbsp;&nbsp;<strong>Metadatos<\/strong><\/p>\n\n\n\n<p>\u00b7&nbsp;&nbsp;&nbsp;&nbsp;&nbsp;&nbsp;<strong>Diccionario<\/strong><\/p>\n\n\n\n<p><strong>21. Pol\u00edticas p\u00fablicas o informaci\u00f3n grupo espec\u00edfico<\/strong><\/p>\n\n\n\n<p>\u00b7&nbsp;&nbsp;&nbsp;&nbsp;&nbsp;&nbsp;<strong>Conjunto de datos<\/strong><\/p>\n\n\n\n<p>\u00b7&nbsp;&nbsp;&nbsp;&nbsp;&nbsp;&nbsp;<strong>Metadatos<\/strong><\/p>\n\n\n\n<p>\u00b7&nbsp;&nbsp;&nbsp;&nbsp;&nbsp;&nbsp;<strong>Diccionario<\/strong><\/p>\n\n\n\n<p><strong>23. Detalle personas servidoras p\u00fablicas con acciones afirmativas<\/strong><\/p>\n\n\n\n<p>\u00b7&nbsp;&nbsp;&nbsp;&nbsp;&nbsp;&nbsp;<strong>Conjunto de datos<\/strong><\/p>\n\n\n\n<p>\u00b7&nbsp;&nbsp;&nbsp;&nbsp;&nbsp;&nbsp;<strong>Metadatos<\/strong><\/p>\n\n\n\n<p>\u00b7&nbsp;&nbsp;&nbsp;&nbsp;&nbsp;&nbsp;<strong>Diccionario<\/strong><\/p>\n\n\n\n<p><strong>24. informaci\u00f3n relevante para el ejercicio de derechos ODS<\/strong><\/p>\n\n\n\n<p>\u00b7&nbsp;&nbsp;&nbsp;&nbsp;&nbsp;&nbsp;<strong>Conjunto de datos<\/strong><\/p>\n\n\n\n<p>\u00b7&nbsp;&nbsp;&nbsp;&nbsp;&nbsp;&nbsp;<strong>Metadatos<\/strong><\/p>\n\n\n\n<p>\u00b7&nbsp;&nbsp;&nbsp;&nbsp;&nbsp;&nbsp;<strong>Diccionario<\/strong><\/p>\n","protected":false},"excerpt":{"rendered":"<p>Art\u00edculo 19 1.1 Estructura org\u00e1nica \u00b7&nbsp;&nbsp;&nbsp;&nbsp;&nbsp;&nbsp;Conjunto de datos \u00b7&nbsp;&nbsp;&nbsp;&nbsp;&nbsp;&nbsp;Metadatos \u00b7&nbsp;&nbsp;&nbsp;&nbsp;&nbsp;&nbsp;Diccionario 1.2-1.3 Base Legal Regulaciones Procedimientos Internos \u00b7&nbsp;&nbsp;&nbsp;&nbsp;&nbsp;&nbsp;Conjunto de datos \u00b7&nbsp;&nbsp;&nbsp;&nbsp;&nbsp;&nbsp;Metadatos \u00b7&nbsp;&nbsp;&nbsp;&nbsp;&nbsp;&nbsp;Diccionario 1.4 Metas y objetivos unidades \u00b7&nbsp;&nbsp;&nbsp;&nbsp;&nbsp;&nbsp;Conjunto de datos \u00b7&nbsp;&nbsp;&nbsp;&nbsp;&nbsp; Metadatos \u00b7&nbsp;&nbsp;&nbsp;&nbsp;&nbsp; Diccionario 2.1-2.2 Directorio y distributivo personal de la entidad \u00b7&nbsp;&nbsp;&nbsp;&nbsp;&nbsp;&nbsp;Conjunto de datos \u00b7&nbsp;&nbsp;&nbsp;&nbsp;&nbsp;&nbsp;Metadatos \u00b7&nbsp;&nbsp;&nbsp;&nbsp;&nbsp;&nbsp;Diccionario 3. Remuneraciones ingresos adicionales \u00b7&nbsp;&nbsp;&nbsp;&nbsp;&nbsp;&nbsp;Conjunto de datos \u00b7&nbsp;&nbsp;&nbsp;&nbsp;&nbsp;&nbsp;Metadatos \u00b7&nbsp;&nbsp;&nbsp;&nbsp;&nbsp;&nbsp;Diccionario [&hellip;]<\/p>\n","protected":false},"author":1,"featured_media":0,"parent":0,"menu_order":0,"comment_status":"closed","ping_status":"closed","template":"","meta":{"footnotes":""},"_links":{"self":[{"href":"https:\/\/santarufina.gob.ec\/index.php?rest_route=\/wp\/v2\/pages\/3216"}],"collection":[{"href":"https:\/\/santarufina.gob.ec\/index.php?rest_route=\/wp\/v2\/pages"}],"about":[{"href":"https:\/\/santarufina.gob.ec\/index.php?rest_route=\/wp\/v2\/types\/page"}],"author":[{"embeddable":true,"href":"https:\/\/santarufina.gob.ec\/index.php?rest_route=\/wp\/v2\/users\/1"}],"replies":[{"embeddable":true,"href":"https:\/\/santarufina.gob.ec\/index.php?rest_route=%2Fwp%2Fv2%2Fcomments&post=3216"}],"version-history":[{"count":2,"href":"https:\/\/santarufina.gob.ec\/index.php?rest_route=\/wp\/v2\/pages\/3216\/revisions"}],"predecessor-version":[{"id":3250,"href":"https:\/\/santarufina.gob.ec\/index.php?rest_route=\/wp\/v2\/pages\/3216\/revisions\/3250"}],"wp:attachment":[{"href":"https:\/\/santarufina.gob.ec\/index.php?rest_route=%2Fwp%2Fv2%2Fmedia&parent=3216"}],"curies":[{"name":"wp","href":"https:\/\/api.w.org\/{rel}","templated":true}]}}